77461 a prime number?
True
Is 186180244549 a prime number?
False
Is 2705959913 a composite number?
True
Is 222712991 prime?
True
Is 582706321 a prime number?
False
Is 1117337141 composite?
False
Is 44934457147 composite?
False
Is 2564380121 a prime number?
False
Is 4191541033 prime?
True
Is 1287617627 composite?
False
Is 63371704387 prime?
True
Is 90180817 composite?
True
Is 12275954347 a prime number?
True
Is 23468608487 a prime number?
True
Is 94250480549 composite?
False
Is 77984046809 prime?
True
Is 470719307 prime?
False
Is 105190853 a composite number?
True
Is 1345213957 a composite number?
False
Is 27200386229 composite?
False
Is 157847209763 prime?
False
Is 4326432785 a composite number?
True
Is 1719760765 a composite number?
True
Is 47268370477 prime?
False
Is 28342627637 a composite number?
False
Is 16460727203 a composite number?
True
Is 38437312489 composite?
False
Is 1386194221 a composite number?
True
Is 14189520277 a composite number?
True
Is 7313552174 prime?
False
Is 10501625497 a prime number?
False
Is 1693184083 a composite number?
False
Is 86122081 a composite number?
False
Is 55778971 composite?
True
Is 1962306219 prime?
False
Is 15756362981 composite?
True
Is 1135822901 prime?
True
Is 14566037 a composite number?
False
Is 2484238709 a composite number?
True
Is 679808893 a composite number?
True
Is 3822237281 composite?
False
Is 961038413 a prime number?
True
Is 15572351771 prime?
True
Is 79334791 prime?
True
Is 917614397 composite?
True
Is 58155499013 a prime number?
True
Is 17625111041 a prime number?
False
Is 21765473717 a prime number?
False
Is 494218789 composite?
False
Is 3907381981 prime?
False
Is 7887607489 prime?
False
Is 19585647319 a composite number?
True
Is 261186426407 a composite number?
False
Is 687295597 a composite number?
True
Is 3474378881 composite?
False
Is 48068819 a prime number?
True
Is 35706127 a composite number?
False
Is 2606075963 prime?
True
Is 3199503673 a prime number?
True
Is 82664241613 prime?
True
Is 12771976957 a composite number?
True
Is 2010317339 composite?
False
Is 98599714405 a prime number?
False
Is 566449181 a composite number?
True
Is 14160850709 prime?
False
Is 2675965793 composite?
False
Is 239565142085 composite?
True
Is 16363518169 a composite number?
False
Is 172608511 composite?
False
Is 1660868753 a prime number?
True
Is 2715156931 prime?
False
Is 692824879 a composite number?
True
Is 14917259549 a composite number?
True
Is 370604777 a composite number?
True
Is 909205639 prime?
True
Is 67272050407 composite?
True
Is 94416144737 composite?
False
Is 152803253 a composite number?
False
Is 8065213589 a prime number?
True
Is 3553458161 a prime number?
False
Is 1635511831 prime?
True
Is 47938382461 a prime number?
True
Is 704194979 composite?
True
Is 150529241 a prime number?
True
Is 743912747 a prime number?
False
Is 2876417827 a composite number?
True
Is 1487950297 a composite number?
False
Is 15600390479 composite?
True
Is 29956830989 prime?
True
Is 287047511 a composite number?
False
Is 2591114713 composite?
True
Is 29941762421 composite?
True
Is 174218741 a composite number?
False
Is 5148612809 composite?
True
Is 66697420433 a prime number?
False
Is 331007891 prime?
True
Is 752237159 prime?
False
Is 1011250771 prime?
False
Is 551396179 a prime number?
False
Is 59092422421 composite?
False
Is 62292128471 composite?
False
Is 718428967 a prime number?
False
Is 168169271 composite?
False
Is 3409328903 prime?
False
Is 4935239882 composite?
True
Is 2113702951 a prime number?
True
Is 2155041079 a prime number?
False
Is 188431699 composite?
False
Is 543912517 a prime number?
False
Is 8476671655 composite?
True
Is 1268386177 prime?
True
Is 16284499306 a composite number?
True
Is 38554715989 a composite number?
False
Is 1046123627 composite?
False
Is 163011731 a composite number?
False
Is 1516705139 composite?
True
Is 4722200827 a prime number?
False
Is 39027134567 a prime number?
True
Is 6718049879 a prime number?
True
Is 54422579431 a prime number?
False
Is 24410248393 a composite number?
False
Is 8333557 prime?
True
Is 22999271833 prime?
False
Is 79200491 a prime number?
True
Is 8039349077 a composite number?
False
Is 18126225041 prime?
True
Is 1104214882 a prime number?
False
Is 941243377 prime?
False
Is 4991994383 a composite number?
False
Is 219194687 a prime number?
True
Is 2066049617 composite?
False
Is 215880702967 a composite number?
True
Is 58499242603 a composite number?
True
Is 716537617 composite?
True
Is 27825649 composite?
False
Is 1564711393 a prime number?
False
Is 92841919 a composite number?
False
Is 7343960469 a prime number?
False
Is 34787351 prime?
True
Is 2336008877 composite?
False
Is 691348799 a prime number?
False
Is 26278010609 prime?
True
Is 76508011 a prime number?
True
Is 1849720807 prime?
False
Is 734124553 composite?
False
Is 483016862777 a prime number?
True
Is 55811226959 a prime number?
True
Is 5130905281 a prime number?
True
Is 5660888231 a prime number?
False
Is 1826999417 composite?
False
Is 2553221263 a prime number?
True
Is 694599377 prime?
False
Is 146261546057 prime?
False
Is 61952178419 prime?
True
Is 373838209 a prime number?
False
Is 5755069421 prime?
False
Is 92022979 a prime number?
False
Is 109332797257 composite?
False
Is 13281268045 prime?
False
Is 1933867973 prime?
True
Is 2315419877 composite?
False
Is 16251682957 a prime number?
True
Is 9498717461 a composite number?
False
Is 33254151799 a prime number?
False
Is 966065999 prime?
False
Is 41606195639 a composite number?
False
Is 26897768473 composite?
True
Is 41716651 a prime number?
True
Is 9463259917 prime?
True
Is 4065858493 composite?
True
Is 38403142357 a prime number?
True
Is 321459659 prime?
False
Is 1409607035 composite?
True
Is 7484125757 composite?
False
Is 15634907749 a composite number?
False
Is 24467937271 prime?
False
Is 4456547273 a prime number?
False
Is 1362772951 composite?
False
Is 16639179619 a prime number?
True
Is 25994643967 composite?
True
Is 1482235039 a composite number?
False
Is 808245309 a composite number?
True
Is 5499365647 prime?
True
Is 27391042099 composite?
False
Is 27072488193 a composite number?
True
Is 243610097617 prime?
True
Is 9389234839 a composite number?
False
Is 29994840683 a composite number?
False
Is 3087715801 composite?
False
Is 6871313279 prime?
True
Is 6322245827 composite?
False
Is 137311051873 prime?
False
Is 979300723 prime?
False
Is 9676273357 composite?
False
Is 3488894219 a prime number?
False
Is 63530953 composite?
True
Is 2893047139 a composite number?
False
Is 2329118873 prime?
True
Is 50107803829 composite?
False
Is 91098989 a prime number?
True
Is 1340991061 a prime number?
True
Is 561131377 a composite number?
True
Is 13210740393 prime?
False
Is 1486543229 composite?
True
Is 3500569558 composite?
True
Is 20193446095 composite?
True
Is 1912953923 composite?
True
Is 6933896579 prime?
False
Is 348262913939 prime?
True
Is 232965749 a prime number?
False
Is 35934714989 a composite number?
False
Is 6846870577 a composite number?
False
Is 4728092911 prime?
False
Is 9833963861 prime?
False
Is 326961377 composite?
False
Is 873149797 a composite number?
True
Is 73749134389 composite?
True
Is 6073622689 prime?
True
Is 6730093823 a composite number?
False
Is 407416249 a prime number?
False
Is 711783889 prime?
True
Is 2179404239 prime?
True
Is 4319487869 a composite number?
True
Is 2503771511 a composite number?
True
Is 281839919231 a composite number?
True
Is 14420170109 composite?
True
Is 3568882711 composite?
False
Is 1539500451 prime?
False
Is 2112376909 a prime number?
True
Is 111621227491 prime?
True
Is 1308505409 composite?
False
Is 3103571341 prime?
False
Is 21803243321 a composite number?
True
Is 96554406581 composite?
False
Is 30519605273 a prime number?
False
Is 9334242517 a composite number?
True
Is 1182839261 a prime number?
True
Is 109926493 composite?
False
Is 38241750683 composite?
False
Is 28847986129 composite?
True
Is 8573828311 a prime number?
False
Is 5305209367 prime?
True
Is 58547953 a prime number?
True
Is 24869605949 prime?
False
Is 785141339 prime?
False
Is 185116604753 a composite number?
False
Is 34754368823 prime?
True
Is 18395792515 a prime number?
False
Is 17115520999 prime?
False
Is 8943308663 a p